mposite?
True
Is 1141272439 a composite number?
True
Is 651298867 a composite number?
False
Is 9460655291 a prime number?
False
Is 12640704359 composite?
False
Is 307953121663 a prime number?
False
Is 15408157441 a composite number?
True
Is 13966109189 a composite number?
False
Is 9163377802 composite?
True
Is 48998773 prime?
True
Is 15225142819 a composite number?
False
Is 119780897503 prime?
True
Is 1354179259 a composite number?
False
Is 1103593333 a prime number?
False
Is 1114507061 a composite number?
True
Is 14642732823 prime?
False
Is 577068923 composite?
True
Is 500129717 a prime number?
False
Is 9461413609 a prime number?
True
Is 578923573 composite?
False
Is 203838893 a composite number?
True
Is 990345539 composite?
False
Is 4278070583 a composite number?
True
Is 3470248997 composite?
False
Is 14612164429 a prime number?
False
Is 3688873585 composite?
True
Is 321429247 a prime number?
True
Is 739390097 a composite number?
False
Is 912101849 a composite number?
False
Is 8876222309 a composite number?
False
Is 1225584047 a composite number?
False
Is 88096427 composite?
False
Is 7884584737 a prime number?
True
Is 11148414913 composite?
False
Is 1259993069 a composite number?
True
Is 13417545091 a composite number?
False
Is 189016327 a composite number?
True
Is 2208531391 a prime number?
False
Is 2736940777 a composite number?
False
Is 6358765211 a prime number?
True
Is 879525641 composite?
False
Is 2232604433 composite?
False
Is 77864822341 a composite number?
True
Is 210119114209 a composite number?
True
Is 18067319597 a composite number?
False
Is 1334797879 composite?
True
Is 439361053 a prime number?
False
Is 147151013 a composite number?
False
Is 44045975041 prime?
False
Is 4005759731 prime?
True
Is 34473063049 a composite number?
False
Is 4107778789 a composite number?
False
Is 609114071 a composite number?
True
Is 24533724169 composite?
False
Is 1168314071 a prime number?
False
Is 1371561001 a composite number?
True
Is 78006778783 a composite number?
False
Is 23033670757 prime?
False
Is 323696143 a prime number?
False
Is 12230006485 prime?
False
Is 459620113 a composite number?
False
Is 3308334037 a prime number?
True
Is 6026105063 a prime number?
False
Is 1450729601 prime?
True
Is 5150623279 a composite number?
False
Is 9922101661 prime?
False
Is 971334677 a prime number?
True
Is 24348105707 composite?
True
Is 1891000537 composite?
True
Is 420366143 a prime number?
False
Is 608738567 a composite number?
True
Is 834034777 prime?
True
Is 273615779 a prime number?
True
Is 205009075091 composite?
True
Is 86423967841 a prime number?
True
Is 38362986719 composite?
True
Is 123380821 a composite number?
False
Is 10087725101 a prime number?
False
Is 14993413063 a composite number?
False
Is 2009168351 prime?
True
Is 57426089619 composite?
True
Is 11131433137 a composite number?
True
Is 256406333 a prime number?
False
Is 10580896943 a composite number?
True
Is 81418130947 composite?
False
Is 522879173 a composite number?
True
Is 132264141 a composite number?
True
Is 2857256707 a composite number?
False
Is 18960479771 a prime number?
True
Is 21363457 a prime number?
False
Is 26773538511 a prime number?
False
Is 42597427991 composite?
False
Is 5724945859 a prime number?
False
Is 1499331167 composite?
True
Is 13154736703 composite?
True
Is 50167677481 a prime number?
True
Is 268580233 a composite number?
True
Is 624317597 a prime number?
False
Is 967139699 a composite number?
True
Is 14363835613 a composite number?
False
Is 826598029 composite?
True
Is 9645438741 composite?
True
Is 183119627 prime?
False
Is 605655097 a prime number?
True
Is 56028756337 a prime number?
False
Is 2037057599 prime?
True
Is 23949923141 composite?
False
Is 2174067743 composite?
False
Is 612243353 composite?
False
Is 2614001563 composite?
True
Is 8781155363 a prime number?
False
Is 19056282181 a composite number?
False
Is 3424562881 a composite number?
False
Is 254801957 a prime number?
True
Is 3775853143 a prime number?
True
Is 18462734767 a prime number?
False
Is 8641342649 a composite number?
False
Is 13023153479 a prime number?
False
Is 2556310891 a composite number?
False
Is 405552919 a composite number?
False
Is 33636323101 a prime number?
True
Is 4676340727 composite?
True
Is 2002100537 composite?
False
Is 2841087299 a composite number?
False
Is 117113530731 a prime number?
False
Is 76793126 a composite number?
True
Is 805915633 a prime number?
False
Is 1845938021 a composite number?
True
Is 687368587 prime?
True
Is 12532696817 a prime number?
True
Is 66467377429 a composite number?
False
Is 7289547719 prime?
True
Is 175955710361 a prime number?
True
Is 6205982149 a prime number?
True
Is 1636485593 prime?
True
Is 3686368453 composite?
False
Is 206741371 a prime number?
False
Is 52628727363 prime?
False
Is 228153671 a composite number?
False
Is 48023447383 a prime number?
True
Is 964393201 a composite number?
False
Is 50316995549 a prime number?
True
Is 52526460695 a prime number?
False
Is 651530573 composite?
True
Is 446471369 prime?
True
Is 6696772463 prime?
False
Is 38095241 composite?
True
Is 277716851 a composite number?
False
Is 37242853 prime?
True
Is 118456813294 a composite number?
True
Is 1350741527 a prime number?
True
Is 6420199171 a composite number?
False
Is 442533703 composite?
True
Is 378792233 composite?
False
Is 701101813 composite?
False
Is 148502197 a prime number?
False
Is 169661473 prime?
True
Is 701526941 a composite number?
False
Is 3512923727 composite?
True
Is 646390793 a prime number?
True
Is 4714707649 prime?
True
Is 6162338207 a prime number?
False
Is 5954013599 prime?
False
Is 3745422203 prime?
False
Is 899446699 a composite number?
False
Is 605562329 a prime number?
False
Is 2133829 composite?
True
Is 2157281822 a prime number?
False
Is 5912599019 a prime number?
True
Is 9847021049 composite?
True
Is 93849742331 a prime number?
True
Is 37822632607 composite?
False
Is 2962184311 a composite number?
False
Is 1039207193 a composite number?
True
Is 14895469873 prime?
False
Is 2289401671 a prime number?
False
Is 4271966911 a composite number?
True
Is 1817660921 composite?
False
Is 1252359343 a composite number?
False
Is 458184721 composite?
True
Is 1218122861 a prime number?
True
Is 53386518443 a composite number?
False
Is 274140210521 composite?
True
Is 12396075943 prime?
True
Is 456820993 a prime number?
False
Is 377511527 composite?
True
Is 443948969 a composite number?
False
Is 346756469 a composite number?
False
Is 22931642177 composite?
True
Is 13650426065 composite?
True
Is 375231677 composite?
False
Is 7129832903 prime?
False
Is 30807029 a prime number?
False
Is 247925939 composite?
False
Is 53470753607 composite?
True
Is 5282173487 a prime number?
True
Is 21955217 a prime number?
True
Is 238399913 a composite number?
False
Is 24489889 prime?
True
Is 4163404073 composite?
False
Is 1725344851 a prime number?
False
Is 2200460309 a prime number?
False
Is 3867524033 composite?
True
Is 12303729899 a prime number?
True
Is 9237224063 composite?
False
Is 239009189 a prime number?
False
Is 42990970709 composite?
False
Is 3047702419 composite?
False
Is 1180366163 prime?
True
Is 11132797043 a composite number?
False
Is 18070113403 a prime number?
True
Is 4376416111 prime?
True
Is 221438437 composite?
True
Is 2233796377 prime?
True
Is 254255039 a composite number?
False
Is 3696702773 prime?
False
Is 297395987 a prime number?
False
Is 475036621 a composite number?
False
Is 1350329863 composite?
False
Is 3713415929 a prime number?
True
Is 31272293 prime?
False
Is 570290153 a composite number?
False
Is 1239869153 a composite number?
False
Is 644510759 a prime number?
False
Is 18682199957 composite?
False
Is 1269824047 prime?
True
Is 226420853079 prime?
False
Is 19678059461 a composite number?
False
Is 12972273059 a prime number?
False
Is 3291040897 a prime number?
False
Is 27979648937 a composite number?
False
Is 4090696651 prime?
True
Is 28769711809 prime?
True
Is 18796981543 a composite number?
False
Is 1636831601 prime?
False
Is 3742839967 a prime number?
False
Is 1649097281 composite?
True
Is 1185343843 a prime number?
False
Is 93013727 prime?
False
Is 12505824307 a prime number?
True
Is 63323719 a prime number?
True
Is 10996933253 a